 base 2, what is 1001010110 + -10?
1001010100
In base 16, what is -4 - -1b?
17
In base 6, what is 34 + 140?
214
In base 13, what is -61 + 25?
-39
In base 4, what is -12 + -1000?
-1012
In base 10, what is -726 + -6?
-732
In base 16, what is 15a - -14?
16e
In base 10, what is 189 - -1?
190
In base 7, what is 0 - -3?
3
In base 13, what is -a391 + 3?
-a38b
In base 14, what is 2 - -68?
6a
In base 7, what is 5 - 44?
-36
In base 14, what is 1 - -228?
229
In base 5, what is 4 - 22?
-13
In base 10, what is 2 + 43?
45
In base 15, what is -40 + 9?
-36
In base 14, what is 239 + 1?
23a
In base 2, what is 100 + -110001?
-101101
In base 15, what is -4 - 140?
-144
In base 16, what is 11 - 18?
-7
In base 5, what is -120 + 3?
-112
In base 4, what is -13 + 1121?
1102
In base 2, what is -10010111101011 + 0?
-10010111101011
In base 12, what is -6 + -2?
-8
In base 14, what is c3 - 1?
c2
In base 11, what is 7 + 33?
3a
In base 12, what is -b3 + -2?
-b5
In base 9, what is 534 + -4?
530
In base 10, what is 5 + -170?
-165
In base 7, what is -10 + -5?
-15
In base 15, what is 15cb + 4?
15d0
In base 12, what is -2 + 309?
307
In base 16, what is -4 + -33?
-37
In base 15, what is -6 - -33?
2c
In base 7, what is 5 + 1564?
1602
In base 3, what is 100220 - -12?
101002
In base 10, what is -436 - -14?
-422
In base 9, what is 0 - -1323?
1323
In base 15, what is 0 - -148?
148
In base 4, what is -3 + -32033?
-32102
In base 10, what is 1284 - 12?
1272
In base 16, what is -457 - 3?
-45a
In base 2, what is 1001 + -100100?
-11011
In base 12, what is 2 - -b47?
b49
In base 3, what is 1 - 1012?
-1011
In base 16, what is 3 + -3a?
-37
In base 16, what is 15 + -e?
7
In base 4, what is -10121 - 11?
-10132
In base 4, what is 230201 + -1?
230200
In base 12, what is -9 - 4?
-11
In base 2, what is -10010000 + 100?
-10001100
In base 2, what is 10 - -100001?
100011
In base 2, what is -11 - -11010000?
11001101
In base 5, what is 3 - -204211?
204214
In base 11, what is 21 - 7?
15
In base 3, what is -11 + 10001?
2220
In base 13, what is -5 + 19c?
197
In base 6, what is 202 - -3?
205
In base 7, what is 4 - -42?
46
In base 12, what is 5 + -61?
-58
In base 15, what is 1 + 2b?
2c
In base 7, what is 16 + 205?
224
In base 7, what is 144 - 5?
136
In base 3, what is 2 - -11010?
11012
In base 10, what is -6861 - 3?
-6864
In base 16, what is -2 - -74?
72
In base 2, what is 1111001101 + 100?
1111010001
In base 10, what is -101 - 19?
-120
In base 6, what is 331 - -5?
340
In base 15, what is 2424 - 2?
2422
In base 13, what is 595 + 0?
595
In base 3, what is 0 + -202?
-202
In base 14, what is -27 - -2?
-25
In base 10, what is -13 + 4?
-9
In base 14, what is 4 + -160?
-15a
In base 8, what is -66222 + 1?
-66221
In base 16, what is -e + 72?
64
In base 8, what is -727 - -4?
-723
In base 3, what is 201 + -102122?
-101221
In base 14, what is -c + -1c?
-2a
In base 15, what is d9 - 9?
d0
In base 11, what is -3 - -110?
108
In base 15, what is 90c - -2?
90e
In base 4, what is -1 + -1130?
-1131
In base 12, what is 14 + -128?
-114
In base 11, what is -8 + 83?
76
In base 11, what is -15a - 0?
-15a
In base 13, what is -39 - -1a4?
168
In base 14, what is -2 + -533?
-535
In base 16, what is 1 + 116a?
116b
In base 12, what is 346 + -22?
324
In base 14, what is -8 - dd4?
-ddc
In base 13, what is 41 + -7?
37
In base 15, what is -57e + -3?
-582
In base 12, what is 18 + 3?
1b
In base 6, what is 343 - 2?
341
In base 7, what is 423 - -3?
426
In base 3, what is 2 - 100010?
-100001
In base 10, what is 9 - -10?
19
In base 12, what is -5 - -7a?
75
In base 4, what is 332000 + 0?
332000
In base 15, what is 5 - -a1?
a6
In base 9, what is -4 + -277?
-282
In base 5, what is -212 + 14?
-143
In base 3, what is 202101 - -110?
202211
In base 3, what is -12 - -102?
20
In base 9, what is 5 - 3045?
-3040
In base 8, what is 44715 - 3?
44712
In base 9, what is 213 - 3?
210
In base 2, what is 111111 + -101?
111010
In base 5, what is 1430 - -43?
2023
In base 9, what is -744 - 20?
-764
In base 2, what is 1111110 - -101?
10000011
In base 9, what is 10 + -584?
-574
In base 3, what is -20 + -1121200?
-1121220
In base 11, what is 17 - -287?
2a3
In base 6, what is 440142 - -3?
440145
In base 5, what is -14 + 21?
2
In base 4, what is 320 - 0?
320
In base 15, what is d - -239?
247
In base 10, what is -130 - -5?
-125
In base 4, what is -3223 - 11?
-3300
In base 15, what is 5 + 47?
4c
In base 13, what is 5 + -68?
-63
In base 10, what is 42 + 3?
45
In base 15, what is -96 + -6?
-9c
In base 12, what is 1 + -31?
-30
In base 7, what is 1 - -201?
202
In base 2, what is -1001111 - -1?
-1001110
In base 12, what is 2 - 5a4?
-5a2
In base 6, what is 2 + 313?
315
In base 5, what is 4 - -20?
24
In base 11, what is -247 + -1?
-248
In base 5, what is -1 - 1033?
-1034
In base 11, what is -8 + 40?
33
In base 8, what is -6 - 22?
-30
In base 16, what is -b + f?
4
In base 13, what is -28 - -2?
-26
In base 10, what is 6 - -475?
481
In base 12, what is -212 - 0?
-212
In base 10, what is 136 + -1?
135
In base 7, what is -2530 - -5?
-2522
In base 8, what is -12 - -145?
133
In base 11, what is 120 + -23?
a8
In base 11, what is -2482 + -2?
-2484
In base 13, what is 7 + 26?
30
In base 4, what is -1 + -210310?
-210311
In base 10, what is -10 - 166?
-176
In base 13, what is -4 - 68?
-6c
In base 5, what is 320 + -33?
232
In base 13, what is 1 - -479?
47a
In base 5, what is -1110 + 10?
-1100
In base 7, what is 34 + -1143?
-1106
In base 15, what is -8 - -2b?
23
In base 10, what is -29 + -3?
-32
In base 6, what is 4 - 1415?
-1411
In base 15, what is -2 + -10d?
-110
In base 13, what is 11 + -3?
b
In base 7, what is 5 - 1?
4
In base 13, what is -11a1 - 5?
-11a6
In base 10, what is 15 - -100?
115
In base 14, what is 41a - -5?
421
In base 14, what is -16 - -45?
2d
In base 3, what is 2000100011 - 10?
2000100001
In base 6, what is 1 - 313?
-312
In base 6, what is 2315 + 1?
2320
In base 4, what is -10 - 1200?
-1210
In base 5, what is -1132 - -4?
-1123
In base 4, what is 12130223 - 10?
12130213
In base 10, what is 16 + -15?
1
In base 15, what is 320 + 2?
322
In base 9, what is -112 - 25?
-137
In base 15, what is 1 + 2e?
30
In base 15, what is 30 + 4?
34
In base 8, what is -5 - -172?
165
In base 2, what is -1 + 1011011010?
1011011001
In base 6, what is 4 - 345?
-341
In base 8, what is 1325 + -5?
1320
In base 9, what is 3 - 121?
-117
In base 14, what is -35 - 2?
-37
In base 2, what is -11 + 1110001?
1101110
In base 14, what is -a75 + 5?
-a70
In base 11, what is 2 + -19a1?
-199a
In base 12, what is a0b + -2?
a09
In base 16, what is 262 - -1?
263
In base 8, what is 204 - 61?
123
In base 14, what is 4 + b5c?
b62
In base 8, what is 10257 + -5?
10252
In base 16, what is 4 + -161?
-15d
In base 11, what is -30 - 6?
-36
In base 11, what is -a3 + -4?
-a7
In base 16, what is 265 + 4?
269
In base 2, what is 10011 - 1010?
1001
In base 15, what is -5 - e7?
-ec
In base 3, what is 0 + 1020?
1020
In base 13, what is -512 - 3?
-515
In base 6, what is -540 - 21?
-1001
In base 3, what is -22 - -1110?
1011
In base 12, what is 2 + -31?
-2b
In base 13, what is -18 + -3?
-1b
In base 7, what is 301 - -6?
310
In base 5, what is -442 + -23?
-1020
In base 8, what is -21503 + -3?
-21506
In base 2, what is -101111 + -11?
-110010
In base 6, what is 22 - -153?
215
In base 16, what is 188 - -7?
18f
In base 9, what is 16 + -138?
-122
In base 5, what is -4134 + 0?
-4134
In base 4, what is -2330 - -2?
-2322
In base 14, what is -891 - 0?
-891
In base 11, what is -1 - 67?
-68
In base 4, what is -233 + 2?
-231
In base 14, what is -5 + -9b?
-a2
In base 13, what is -995 - 0?
-995
In base 4, what is 3 - -312?
321
In base 2, what is 10101010000 + -100?
10101001100
In base 4, what is 3 + -122?
-113
In base 13, what is -5 + 7?
2
In base 6, what is 2 + 31?
33
In base 2, what is 1010100010100 + 11?
1010100010111
In base 7, what is -35 - -3?
-32
In base 15, what is 8 + -57c?
-574
In base 8, what is -45 + 11?
-34
In base 13, what is -687 + -5?
-68c
In base 11, what is 8a - a6?
-17
In base 15, what is -a7 - 10?
-b7
In base 11, what is 2a - -2?
31
In base 14, what is d - 1c?
-d
In base 14, what is 3 + 158?
15b
In base 14, what is -5 + 8?
3
In base 13, what is 5 + -1b?
-16
In base 5, what is 22312 + 10?
22322
In base 10, what is -3358 + 1?
-3357
In base 